{"id":10787,"date":"2025-09-24T15:30:54","date_gmt":"2025-09-24T18:30:54","guid":{"rendered":"https:\/\/moraisvaladares.com.br\/?page_id=10787"},"modified":"2025-09-24T15:30:54","modified_gmt":"2025-09-24T18:30:54","slug":"direito-trabalhista-em-sao-paulo-defesa-dos-seus-direitosdireito-trabalhista-em-sao-paulo-defesa-dos-seus-direitosdireito-trabalhista-em-sao-paulo-defesa-dos-seus-direitosdireito-trabalhista-em","status":"publish","type":"page","link":"https:\/\/moraisvaladares.com.br\/en\/direito-trabalhista-em-sao-paulo-defesa-dos-seus-direitosdireito-trabalhista-em-sao-paulo-defesa-dos-seus-direitosdireito-trabalhista-em-sao-paulo-defesa-dos-seus-direitosdireito-trabalhista-em\/","title":{"rendered":"Direito Trabalhista em S\u00e3o Paulo &#8211; Defesa dos Seus DireitosDireito Trabalhista em S\u00e3o Paulo &#8211; Defesa dos Seus DireitosDireito Trabalhista em S\u00e3o Paulo &#8211; Defesa dos Seus DireitosDireito Trabalhista em S\u00e3o Paulo &#8211; Defesa dos Seus Direitos"},"content":{"rendered":"<p>&lt;h1&gt;Direito Trabalhista em S&atilde;o Paulo &ndash; Defesa dos Seus Direitos&lt;\/h1&gt;<\/p>\n<p>&lt;p&gt;Protegemos seus direitos trabalhistas. Defendemos sua dignidade no trabalho.&lt;\/p&gt;<\/p>\n<p>&lt;h2&gt;Nossos Servi&ccedil;os Especializados&lt;\/h2&gt;<\/p>\n<p>&lt;h3&gt;Rescis&atilde;o Trabalhista&lt;\/h3&gt;<br \/>\n&lt;p&gt;Garantimos o correto c&aacute;lculo e pagamento de todas as verbas rescis&oacute;rias devidas.&lt;\/p&gt;<\/p>\n<p>&lt;h3&gt;Horas Extras e Adicional Noturno&lt;\/h3&gt;<br \/>\n&lt;p&gt;Recuperamos valores n&atilde;o pagos de horas extras, adicional noturno e sobreaviso.&lt;\/p&gt;<\/p>\n<p>&lt;h3&gt;Ass&eacute;dio Moral e Discrimina&ccedil;&atilde;o&lt;\/h3&gt;<br \/>\n&lt;p&gt;Defendemos sua dignidade contra ass&eacute;dio moral, discrimina&ccedil;&atilde;o e persegui&ccedil;&atilde;o no trabalho.&lt;\/p&gt;<\/p>\n<p>&lt;h2&gt;Como Trabalhamos&lt;\/h2&gt;<\/p>\n<p>&lt;h3&gt;Contato pelo WhatsApp&lt;\/h3&gt;<br \/>\n&lt;p&gt;Entre em contato conosco e conte seu caso para uma primeira orienta&ccedil;&atilde;o.&lt;\/p&gt;<\/p>\n<p>&lt;h3&gt;Consulta Presencial ou Online&lt;\/h3&gt;<br \/>\n&lt;p&gt;Agendamos uma reuni&atilde;o para analisar toda a documenta&ccedil;&atilde;o do seu caso.&lt;\/p&gt;<\/p>\n<p>&lt;h3&gt;Estrat&eacute;gia Jur&iacute;dica&lt;\/h3&gt;<br \/>\n&lt;p&gt;Desenvolvemos a melhor estrat&eacute;gia para garantir seus direitos trabalhistas.&lt;\/p&gt;<\/p>\n<p>&lt;h3&gt;Acompanhamento Completo&lt;\/h3&gt;<br \/>\n&lt;p&gt;Voc&ecirc; ser&aacute; informado de cada etapa do processo com total transpar&ecirc;ncia.&lt;\/p&gt;<\/p>","protected":false},"excerpt":{"rendered":"<p>&lt;h1&gt;Direito Trabalhista em S&atilde;o Paulo &ndash; Defesa dos Seus Direitos&lt;\/h1&gt; &lt;p&gt;Protegemos seus direitos trabalhistas. Defendemos sua dignidade no trabalho.&lt;\/p&gt; &lt;h2&gt;Nossos Servi&ccedil;os Especializados&lt;\/h2&gt; &lt;h3&gt;Rescis&atilde;o Trabalhista&lt;\/h3&gt; &lt;p&gt;Garantimos o correto c&aacute;lculo e pagamento de todas as verbas rescis&oacute;rias devidas.&lt;\/p&gt; &lt;h3&gt;Horas Extras e Adicional Noturno&lt;\/h3&gt; &lt;p&gt;Recuperamos valores n&atilde;o pagos de horas extras, adicional noturno e sobreaviso.&lt;\/p&gt; &lt;h3&gt;Ass&eacute;dio Moral e&hellip;<\/p>","protected":false},"author":1,"featured_media":0,"parent":0,"menu_order":0,"comment_status":"closed","ping_status":"closed","template":"","meta":{"_joinchat":[],"footnotes":""},"class_list":["post-10787","page","type-page","status-publish","hentry"],"_links":{"self":[{"href":"https:\/\/moraisvaladares.com.br\/en\/wp-json\/wp\/v2\/pages\/10787","targetHints":{"allow":["GET"]}}],"collection":[{"href":"https:\/\/moraisvaladares.com.br\/en\/wp-json\/wp\/v2\/pages"}],"about":[{"href":"https:\/\/moraisvaladares.com.br\/en\/wp-json\/wp\/v2\/types\/page"}],"author":[{"embeddable":true,"href":"https:\/\/moraisvaladares.com.br\/en\/wp-json\/wp\/v2\/users\/1"}],"replies":[{"embeddable":true,"href":"https:\/\/moraisvaladares.com.br\/en\/wp-json\/wp\/v2\/comments?post=10787"}],"version-history":[{"count":1,"href":"https:\/\/moraisvaladares.com.br\/en\/wp-json\/wp\/v2\/pages\/10787\/revisions"}],"predecessor-version":[{"id":10788,"href":"https:\/\/moraisvaladares.com.br\/en\/wp-json\/wp\/v2\/pages\/10787\/revisions\/10788"}],"wp:attachment":[{"href":"https:\/\/moraisvaladares.com.br\/en\/wp-json\/wp\/v2\/media?parent=10787"}],"curies":[{"name":"wp","href":"https:\/\/api.w.org\/{rel}","templated":true}]}}

Direito Trabalhista em São Paulo &#8211; Defesa dos Seus DireitosDireito Trabalhista em São Paulo &#8211; Defesa dos Seus DireitosDireito Trabalhista em São Paulo &#8211; Defesa dos Seus DireitosDireito Trabalhista em São Paulo &#8211; Defesa dos Seus Direitos
